= l + 18. What is the remainder when 75 is divided by p?
10
Let u(y) = 24*y**2 + 14*y + 7. Calculate the remainder when u(4) is divided by 55.
7
What is the remainder when 25 is divided by (4 + 24/(-10))/(1/10)?
9
Let c(s) = -s**3 + 10*s**2 - 10*s + 13. Suppose 5*q - 43 = 2. Let r be c(q). Let k = 13 + r. What is the remainder when k is divided by 7?
3
Let c(y) = -10*y**3 - 3*y**2 - 19*y - 44. What is the remainder when c(-3) is divided by 9?
4
Let r be (2/3)/(1/(-9)). Suppose -3*n - f = f - 50, -3*f = -3*n + 30. Calculate the remainder when (-4)/r + 158/6 is divided by n.
13
Suppose -8*w + 20 = -4*w. Suppose 16 = -4*g + w*g. Calculate the remainder when 62 is divided by g.
14
Suppose -d + 267 = 5*n, -10*n + 6*n + 204 = 4*d. What is the remainder when 186 is divided by n?
24
Let t be -1 - (((-20)/4 - -2) + 2). What is the remainder when 94 is divided by 0 - 8*(-2 + t)?
14
Suppose 3*s = 56 + 97. Let u = 90 - s. Calculate the remainder when u is divided by 8.
7
Suppose 11*f = 16*f - 140. Suppose -4*t + 136 + f = 2*s, 4*s - t = 364. Calculate the remainder when s is divided by 24.
18
Let w = 3 - 2. Let u = w + 3. Suppose -18 - 22 = -4*v + 3*y, u*v - 36 = 4*y. What is the remainder when 35 is divided by v?
9
Let d = -97 - -187. Suppose -q + 6*q - d = 0. Calculate the remainder when 34 is divided by q.
16
Suppose -62*p + 700 = -37*p. Calculate the remainder when 73 is divided by p.
17
Suppose -11*b + 794 = 409. What is the remainder when 84 is divided by b?
14
Let k(i) = 34*i - 12. Calculate the remainder when 240 is divided by k(1).
20
Let z be -152 + ((-24)/(-2))/4. Let b = z - -229. Calculate the remainder when b is divided by 27.
26
Suppose -g + 40 = 17. What is the remainder when 26 is divided by g?
3
Suppose -15 = -2*d - d. Suppose -d = -a, -4*f - 3*a = 2*a - 229. Let t = f + -29. Calculate the remainder when 86 is divided by t.
20
Suppose -4*z - 2*i = -7*i - 16, 4*i = 5*z - 11. Let k = -9 - -16. What is the remainder when k is divided by (294/(-35) + 8)/(z/5)?
1
Suppose 5*o = 3*z + 28, -183*o = -179*o - z - 28. Calculate the remainder when 357 is divided by o.
5
Suppose 10*g - 6*g + 88 = 0. Let d = g - -26. Suppose 2*c + c + d*o - 135 = 0, -c - 2*o + 43 = 0. Calculate the remainder when c is divided by 13.
10
Suppose 68*d - 2046 = 62*d. What is the remainder when d is divided by 23?
19
Suppose -52 = -5*z - 7. What is the remainder when z is divided by -3*(-40)/(-10) - -17?
4
Let x = 67 - 33. Suppose -139 = -2*p - 2*p + k, p - x = k. What is the remainder when p is divided by 10?
5
Let c = -209 - -232. What is the remainder when c is divided by 3?
2
Suppose -6 = -8*q + 26. Suppose 3*k - l = 6 + 16, -q*k = -l - 28. Calculate the remainder when 131 is divided by k.
5
Let p(d) = -2*d**3 - 7*d**2 + 8*d - 19. Calculate the remainder when p(-5) is divided by 2.
0
Let u be ((-3)/4)/(1/28). Let w = u + 11. What is the remainder when 33 is divided by (-9)/w*-2*-5?
6
Suppose -35*g - 595 = -5*s - 40*g, -4*s + 467 = -5*g. Calculate the remainder when s is divided by 24.
22
Suppose 0 = 5*k + 15, 4*t - k - 72 = 3*k. Suppose 4*r - 3*v = 347 + 106, -r + v + 112 = 0. Calculate the remainder when r is divided by t.
12
Suppose 4*z = 11 + 1. Let t(i) = -i**2 - 14*i + 23. Let u be t(-16). Let l = z - u. Calculate the remainder when 70 is divided by l.
10
Suppose 102 = 11*j - 10*j. Let s = j - 59. What is the remainder when s is divided by 22?
21
Let b be (4/(-10))/((-2)/30). Suppose -y = -4*l - b - 35, 0 = l. Suppose 7*f = 3*f + 56. What is the remainder when y is divided by f?
13
Suppose -12*t = -109 + 37. What is the remainder when 16 is divided by t?
4
Let x be 50 + -2 + (3 + -5)/2. Suppose r + 3*r - 3*t = 87, 4*r = -5*t + x. Calculate the remainder when r is divided by 7.
4
Let h(b) = b**2 - 3*b - 10. Let f be h(-6). Suppose 211 + 121 = 4*z. Let q = z - f. Calculate the remainder when q is divided by 14.
11
Let j = 26 + -28. Let n be j/(-2 - -4) - 12. Let b = -10 - n. Calculate the remainder when 20 is divided by b.
2
Suppose -2*i - 41 = -3*q - 3*i, 5*q - 85 = -5*i. Suppose -9 = -4*p + 23. Calculate the remainder when q is divided by p.
4
Let o be -1*(-4 - 1)*1. Let q be o/1*(-54)/(-5). Let b = q - 31. Calculate the remainder when 67 is divided by b.
21
Let h = 491 + -490. Suppose 8 = -2*n + 2*c, -2*n + 5*c - 21 = 2*n. What is the remainder when h is divided by n?
0
Let k(u) be the second derivative of u**4/12 - 4*u**3/3 + 9*u**2/2 - 15*u. Suppose -24 = -2*t - 8. What is the remainder when 33 is divided by k(t)?
6
Let s(j) = -j**3 - 13*j**2 + 11*j + 29. Let t be s(-13). Let x = 163 + t. What is the remainder when x is divided by 26?
23
Let q(j) = 2*j - 6. What is the remainder when 22 is divided by q(7)?
6
Calculate the remainder when (-1125)/(-15) + (-2 - -5) is divided by 4.
2
Suppose 926 + 802 = 9*p. What is the remainder when p is divided by 33?
27
Suppose 11*x - 24 = 5*x. Let t be x*((-300)/(-16) + 0). Suppose 5*v - t = -0*v. What is the remainder when 44 is divided by v?
14
Let p(d) = 2*d - 1. Let c be p(9). Let s = 2 + c. Calculate the remainder when 44 is divided by s.
6
Suppose n - 14 + 3 = 0. Suppose 0 = -l - n. Let j = l - -18. What is the remainder when j is divided by 4?
3
Let r(d) = d**3 + 50*d**2 - 291*d + 132. Calculate the remainder when r(-55) is divided by 13.
11
Let f = -92 + 124. What is the remainder when 113 is divided by f?
17
Let a(j) = j**3 + 11*j**2 - 6*j - 13. What is the remainder when a(-11) is divided by (3 - 126/(-6)) + -6?
17
Suppose -4*h = -2*h - 52. Suppose -3*r = r - 4*m - 56, r + 5*m - h = 0. Calculate the remainder when 78 is divided by r.
14
Let t(a) = -a**3 - 6*a**2 + 11*a - 3. Let p be (3 - 4) + (-1 - 6). Calculate the remainder when 73 is divided by t(p).
36
Let o = 2233 + -1915. What is the remainder when o is divided by 65?
58
Suppose -100 = 3*w + 2*w. Let a = -1 - w. What is the remainder when 4152/56 + (-1)/7 is divided by a?
17
Suppose 9 = -3*l + 6*l. Suppose 4*x + q - 42 = 0, x = -2*q + 4 + l. Calculate the remainder when x is divided by 7.
4
Let j(a) = 4*a - 54. Suppose 0*x - 26 = -x - 5*w, 3*x + 5*w - 58 = 0. What is the remainder when 37 is divided by j(x)?
7
Let o = 2 + 2. Suppose -o*g = -3*t + 51, g - 4*t + 21 = -8. Let z(p) = -2*p - 8. What is the remainder when 37 is divided by z(g)?
7
Let c(w) = w + 13. Let g be c(-3). Suppose 5*k - 500 + g = 0. What is the remainder when k is divided by 17?
13
Let o = 7 + -2. Suppose -o = -2*a + a. What is the remainder when 13 is divided by 15/a*(0 + 1)?
1
Suppose -180 = -3*a - 4*t, 14*t - 18*t = 4*a - 236. What is the remainder when 198 is divided by a?
30
Let a = -23 + 37. What is the remainder when 37 is divided by a?
9
Let h(o) = 3*o**2 - 79*o - 3. Calculate the remainder when 254 is divided by h(27).
50
Suppose 7*r = 3*r - 4. Let j(f) = f**2 + 9*f - 8. What is the remainder when (-10)/(r - (2 - 1)) is divided by j(1)?
1
Suppose 0 = 5*h + z - 22, 8 = 5*z - z. Let j = -13 + 25. What is the remainder when ((-42)/h)/((-1)/2) is divided by j?
9
Suppose -1048 + 4858 = 5*u. Suppose p + 0*p - u = 0. What is the remainder when 70 is divided by (-6)/21 - p/(-21)?
34
Let u be ((-12)/(-14))/((-1)/7). Let x(j) = -j**3 - 5*j**2 + j - 13. Calculate the remainder when 33 is divided by x(u).
16
Suppose -20*y + 46050 = -14210. Calculate the remainder when y is divided by 67.
65
Suppose -8*g - 243 = -699. What is the remainder when g is divided by 20?
17
Suppose 0 = y - 17 - 118. Calculate the remainder when y is divided by (-1 - -27) + 1 + 20 + -13.
33
Suppose -s = 3*s - 36. What is the remainder when 168*48/168*(-2)/(-6) is divided by s?
7
Let v = -42 + 71. Let a = 30 + -65. Calculate the remainder when (32/10)/((-2)/a) is divided by v.
27
Suppose 2*v + 2*v - 90 = -2*j, -3*j + 89 = 4*v. What is the remainder when 87 is divided by v?
18
Let m(a) be the second derivative of a**4/12 + 5*a**3/6 - a**2/2 - 73*a. Let p(w) = -2*w. Let g be p(4). What is the remainder when 45 is divided by m(g)?
22
Let d(q) = -30*q - 1. Let s be 7/2*2 + 1. Let w(u) = -u**2 + 11*u - 9. What is the remainder when d(-2) is divided by w(s)?
14
Suppose -2*k - 2*k = 3*n - 445, 5*n = 3*k + 761. Calculate the remainder when n is divided by 38.
37
Let t(k) = k**3 + k**2 - k + 11. Let i(f) = -3*f**2. Let y be 